 the first derivative of q**3/3 + q**2/2 - 4*q - 15. Give l(0).
-4
Let j(i) = 12*i**3 - 2*i - 1. Let h = 5 + -7. Let r = 4 - h. Suppose -5*s + l - 2 = 0, s - r*s + 4 = -3*l. Calculate j(s).
-11
Let q(s) = -2*s**3 - 17*s**2 + 3*s + 7. Let g(y) = -y**3 - 8*y**2 + 2*y + 3. Let f(i) = -9*g(i) + 4*q(i). What is f(-5)?
6
Let b(f) = -f + 2. Let v be ((-6)/(-4))/((-2)/(-4)). Suppose 2*h = 1 - v. Let y = 1 - h. Determine b(y).
0
Let z(g) = -5*g**3 + 2*g**2 - 1. Let c = -6 + 4. Let n = c - -5. Let d = n + -4. Determine z(d).
6
Let n be 11 + (1 - (-6 + 13)). Let g(r) = r**3 - 4*r**2 - 6*r + 1. Determine g(n).
-4
Let s(i) be the third derivative of i**5/60 + 3*i**4/8 + i**3 - 24*i**2. Determine s(-9).
6
Let m be (-4)/(1 + 1) + 7. Let x(y) = 2*y + m + 0 - 1. Give x(4).
12
Let q(i) = 0*i**2 + 9 + i**2 + 2*i**2 + 2*i**3 + 4*i - 6. Give q(-2).
-9
Let c(d) = -d**3 + 7*d**2 + d + 14. Let r(z) = -z**3 + 6*z**2 + z + 15. Let t(b) = -5*c(b) + 6*r(b). Calculate t(0).
20
Let r(k) be the first derivative of k**2/2 - k - 3. Determine r(-6).
-7
Let a(n) = n**3 + 2*n + 4. Let i be a(0). Let t(b) = -b**2 + 6*b - 6. Let x be t(i). Let m(v) = v**2 - v. Determine m(x).
2
Let i(z) = z + 1. Let w be i(0). Let y(s) = -s**2 + 3*s + 12. Let d be y(5). Let h = d + w. Let q(u) = -2*u - 3. Determine q(h).
-9
Let a(m) = m**3 + 2*m**2 - m - 1. Suppose -4*j - 7 = -27. Let v be (-10)/(1 + 6/(-2)). Suppose -3*c + 2*r + 2 = -j*c, -v*c = 4*r + 6. Give a(c).
1
Suppose 2*g - 5*r + 6 = 0, 4*g + r = 5*r. Let b(f) be the first derivative of -2*f - g*f**2 + f + 4 - 1 + 0*f. What is b(-2)?
7
Suppose 6 = 4*l - 2. Let v(g) = 4*g**3 - 2*g**2 - 4*g + 8. Let c(k) = -5*k**3 + 3*k**2 + 4*k - 9. Let j(o) = 5*c(o) + 6*v(o). Determine j(l).
-1
Suppose 14 - 12 = -2*s. Let p(q) = -8*q**2 + 1 - q**2 + 0*q**2. What is p(s)?
-8
Let v(r) = 0*r - 48*r**3 - 1 - 2*r + 62*r**3 + 0*r. What is v(-1)?
-13
Suppose 20 = -5*i, -i + 8 = -4*w - 0. Let d(c) = 5*c - 1. Let p = -2 - 1. Let a(q) = 2*q. Let y(j) = p*d(j) + 8*a(j). Determine y(w).
0
Suppose 11*z - 27 = 2*z. Let y(o) = 2*o + 2. Determine y(z).
8
Let y(w) = 3*w**3 - 13*w**2 + w - 9. Let m(r) = -r**3 + 6*r**2 + 4. Let k(s) = -5*m(s) - 2*y(s). Let c be (2/(-5))/(1/10). Calculate k(c).
6
Let y(i) = -i + 1. Suppose 3*x + 5 = 2. Determine y(x).
2
Let d(m) be the first derivative of 2*m**3/3 - 7*m**2/2 + 6*m + 6. What is d(4)?
10
Let j(x) = -x - 3*x - 2 + 1 + 2*x**2. Suppose 4 = -s, -3*z + s = -5 - 8. Calculate j(z).
5
Let p(o) = o**2 - 2*o. Suppose 5 = w + 4*w, 0 = 3*j - 5*w - 7. Suppose -2*a = -2*g + j, 0 = 4*a + 8*g - 3*g - 1. Let c = 0 - a. Determine p(c).
-1
Suppose 3*o - 3*b = 21, -15*o + 17 = -13*o - 5*b. Let z(a) = -a**2 + 7*a. Give z(o).
6
Let q(o) be the third derivative of -5/3*o**3 + 2*o**2 - 1/24*o**4 + 0 + 0*o. Suppose 2 = -4*p - 18. Determine q(p).
-5
Let q(z) = 8*z - 2. Let s(j) = 9*j - 1. Let o(b) = -6*q(b) + 5*s(b). Let h(w) = 2 + 3*w - 5*w + 2. Let t(f) = 7*h(f) - 4*o(f). What is t(1)?
-2
Let n(b) = -2*b + 14. Let q be n(10). Let h(f) = 5*f**3 + f**2 + f - 1. Let s(y) = -6*y**3 - 2*y**2. Let w(z) = -7*h(z) - 6*s(z). Give w(q).
13
Let m(u) be the third derivative of -u**7/5040 + u**5/15 - 6*u**2. Let j(t) be the third derivative of m(t). Determine j(4).
-4
Let s(j) = -j**3 + 7*j**2 - j + 6. Let u be s(7). Let m(k) = 5*k - 1. Calculate m(u).
-6
Let g(b) = 0*b**2 + 2*b - 2*b**2 - b. Let z(v) = 5*v - 14. Let r be z(3). Calculate g(r).
-1
Suppose 0 = -3*f + 2 + 7. Let r(v) = 2*v**2 - 4*v + 2. Determine r(f).
8
Let j(d) = 7*d**2 + 2*d + 1. Suppose -5*l + 24 = -f, 0*f - f + 12 = 4*l. Let u = l + -5. Calculate j(u).
6
Let w be (-48)/18*3/(-2). Suppose -w*t - 3*f = 15, -3*f = t - 3*t + 15. Let x(a) = -a**3 - a**2 - 6. Give x(t).
-6
Let s(g) = g - 7 - 5*g**2 + 0*g - g**3 + 2*g**3. Let w(z) = z - 15. Let u be w(0). Let y be (1 - 12/9)*u. Determine s(y).
-2
Suppose 3*x - 2*x + 3*c = 2, 3*c = 2*x - 22. Let w(m) = 0*m**3 - 3*m**2 - 10 + 3 + m**3 + x*m**2 - 2*m. Determine w(-5).
3
Let t(b) = -b**3 - 5*b**2 - b - 3. Let n be t(-5). Let f(q) = -7*q**n - q + 3 - 3. Let d be (4/(-4))/(1 - 0). Give f(d).
-6
Let f(o) = -o**2 - 2 - o + 2*o**2 + 1 + 0*o**2. Let v(x) = 2*x + 3. Let g(k) = -2*f(k) - v(k). Give g(-2).
-9
Let t be 0 - ((4 - 1) + -5). Suppose -4*q = 12, -5*n + 5 = t*q + 3*q. Let a(k) = k**2 - 6*k + 3. What is a(n)?
-5
Suppose -7 = g - 2*q, g = -q - 1 - 3. Let h(o) = o**2 + 4*o + 3. Calculate h(g).
8
Let c(q) = 5 - 1 - 3 - 3*q - q**2 + 1. Give c(-2).
4
Suppose -6*p = 146 - 170. Let u(s) be the first derivative of -1/3*s**3 - p - 7/4*s**4 + 0*s**2 + 0*s. Determine u(1).
-8
Let a(r) = -27 - 4*r**2 + 5*r**2 + 24 - 2*r**2 + 4*r. Determine a(3).
0
Let x = 8 - 6. Suppose 4*c - 2*c - g - 11 = 0, -5*c = x*g - 5. Let f(n) = 2*n - 4*n + 4*n - 2*n**c - n**2. Calculate f(-2).
8
Suppose -5*x = -4*x. Suppose 5*r = -x*r + 10. Suppose r*z = -q, 0*z - z = -4*q - 9. Let p(i) = -i + 2. Determine p(q).
4
Let s(k) = -k**2 + 9*k - 3. Let r be s(6). Suppose 0 = 7*h - 2*h - r. Let z(i) = -7*i - 3*i**3 + 2*i**h + 6*i + 3*i**2 + 4. Determine z(3).
1
Let o(i) = 3*i**3 - 2*i**2 + i. Let t be o(1). Let p(d) = -d**3 + t*d**3 - 10 + 1. Calculate p(0).
-9
Let t(q) = 3*q**2 + 3*q + 1. Let p = 0 - 2. Let n be t(p). Let s(y) = -4*y + 0*y - 5 - y**2 + n. Calculate s(-4).
2
Let d(h) = -h**3 + 8*h**2 - 8*h + 10. Let u = -81 - -88. Calculate d(u).
3
Let v(o) = 4*o - 4 + 0 + 2. Let c be (8/(-28))/(3/(-21)). Calculate v(c).
6
Let i(l) = -l**2 - 5*l - 2. Let u be i(-5). Let t be u + 3 - (1 + -1). Let y(a) = 5*a**2 + a. What is y(t)?
6
Let v = -1 + 3. Suppose -2*o - v = -o. Let p(u) = -u**2 - 3*u - 2. Give p(o).
0
Let t = -6 + 11. Suppose t*v - 2 = -7, -5*v = -4*h + 25. Let p(d) be the second derivative of d**3/6 - 2*d**2 - 2*d. Give p(h).
1
Let q(r) = -r**2 - r - 1. Let j(w) = -7*w**2 - 8*w - 11. Let t(p) = j(p) - 6*q(p). Determine t(-4).
-13
Let z be (7 + 3)*2/5. Let q(r) be the third derivative of 0*r - 2*r**2 + 1/6*r**3 - 5/24*r**z + 0. Give q(1).
-4
Suppose 16 = k - 2*i, -2*k + 4*i + 62 = 3*k. Let l(w) = 2 - k - w + 8. Calculate l(-2).
2
Let i be 150/35 + (-2)/7. Suppose 4*s - 51 = -i*p - 7, -s = -2*p - 8. Suppose j + 5*o = -s, 3*o = 5*j - 0*j - 34. Let z(n) = n**2 - 5*n - 7. What is z(j)?
-7
Let n(c) = -c**3 + 4*c**2 - 2*c - 1. Let w be n(3). Let p(v) = 69*v - 69*v - 2*v**w. Determine p(2).
-8
Let v(g) = -g**2 + 0 - 3 - 5*g + 0*g**2. Let d = 6 + -2. Suppose d*h + 3 = -9. Determine v(h).
3
Let s(w) = -w + 4 - 3 + 3. Let t be (-7 - -1)*(-22)/33. Suppose -t*m - 2*k = -22, -k = -3*k - 2. Give s(m).
-2
Let s = 39 + -35. Let h(y) = 4*y - 5. Determine h(s).
11
Let n = -4 + 6. Let s(y) = 4 - 7*y + 0*y**3 + 15*y + y**3 + 6*y**n. Calculate s(-5).
-11
Let m(i) = -8*i**3 + 13*i**2 - 38*i + 17. Let s(d) = -3*d**3 + 4*d**2 - 13*d + 6. Let z(j) = 4*m(j) - 11*s(j). What is z(-9)?
2
Let g(u) be the third derivative of u**4/24 + u**3/6 + 71*u**2. Let d(m) = m - 1. Let k be d(6). Give g(k).
6
Let l(v) = 3*v**2 + v + 1. Let c(p) = -p**2 + 12*p - 12. Let u be c(11). Give l(u).
3
Let v(h) be the second derivative of -h**5/20 - 7*h**4/12 - h**3 + 5*h**2/2 + 3*h. Give v(-6).
5
Let n(j) be the third derivative of -j**8/20160 - j**7/1260 + j**6/144 + 7*j**5/60 - 7*j**2. Let y(i) be the third derivative of n(i). Give y(-4).
5
Let l = -15 - -15. Let q(m) = -m**3 + m**2 - m + 2. What is q(l)?
2
Suppose -2*c - 2*c + 20 = 0. Let b(m) = 32 - 7 - 17 + m - 13. What is b(c)?
0
Let n(c) = -c**2 + c - 2. Suppose -5*z + k = -0 + 5, -2*z - 4*k = -20. Suppose 0 = 4*t + 5*b + 8, z*t + t - b - 7 = 0. Suppose -t*y = -2*y + 2. Give n(y).
-8
Let a(q) = -q**2 - 2*q**3 + 5*q**3 - 1 - q**3 + 7*q**3 + 2*q. What is a(1)?
9
Let o be (8/(-6))/(2/(-6)). Suppose -u - 7 = -5*g, 4*g - u - 5 = -0*g. Suppose 3*d = g*t + 1, -2*t = -d + o + 3. Let m(y) = -3*y - 2. What is m(d)?
7
Let m(w) = w - 6. Suppose -r + 4*r = -y + 17, r - 29 = -5*y. Calculate m(y).
-1
Let p = 0 + 1. Let y(s) be the third derivative of -s**6/30 - s**3/6 + s**2. Determine y(p).
-5
Let p = -30 + 31. Let s(o) = 3 + 5*o**2 - 2 + o - 2*o. Calculate s(p).
5
Let q(w) = -6*w - 3. Let a(p) = -3*p - 1. Let k(d) = -5*a(d) + 2*q(d). Determine k(4).
11
Suppose -3*u + 9 = -3, 4*t = -u + 12. Let l(q) = -4*q + q + 7 + t*q. Suppose 0 = 5*k - 0*i - 2*i - 15, -4*k = 3*i - 12. Calculate l(k).
4
Let r